 v = 16 - 21. Give m(v).
6
Let i(r) be the first derivative of -r**3/3 + r - 20. Give i(2).
-3
Let a(i) be the third derivative of -i**5/30 - i**4/24 + i**3/3 + i**2. Let k = -38 - -20. Let u = k + 16. Give a(u).
-4
Let j be 1/(-2 + 1) + 5. Let b(x) = 3 - 6 + 2 - 2 - x. Give b(j).
-7
Let p(u) = u**3 - u**2 - u - 11. Let h be p(0). Let c = h - -6. Let a(v) = 8*v + 0*v**2 - 3*v + v**3 + 1 + 6*v**2. What is a(c)?
1
Let d(r) = r**2 - r - 1. Let t(l) = -2*l**2 + 10*l + 1. Let x(y) = -3*d(y) - t(y). Determine x(-7).
2
Let p(x) be the third derivative of x**4/24 - x**3/2 + x**2. Suppose -2*f + 1 = -1. Let o be 1/f - (1 + -3). What is p(o)?
0
Let z(h) = 4*h + 2. Let t(w) = w - 1. Let a(x) = -5*t(x) + z(x). Let y(r) = 4*r - 34. Let g(o) = 14*a(o) + 3*y(o). Give g(-5).
6
Let z(t) = t - 1. Suppose -7*b + 3*b = -8. Let k be 1/((-4 - -1) + b). Calculate z(k).
-2
Let f(z) = -z - 4. Let n be f(-6). Let t(w) = -20*w**3 + 11*w - 11. Let a(m) = -7*m**3 + 4*m - 4. Let b(y) = 17*a(y) - 6*t(y). Calculate b(n).
10
Let p(z) = -z**2 + 6*z + 8. Suppose 2 = -2*c, -5*q + 36 = 3*c + 4. Calculate p(q).
1
Let o(k) = 2*k - 1. Suppose -m - 9 = 2*m. Let r = m - -5. Calculate o(r).
3
Let n = -16 - -26. Let o = -7 + n. Suppose -q + 1 = -o. Let l(s) = -s**3 + 3*s**2 + 4*s - 6. Determine l(q).
-6
Let j = 1 - -5. Suppose -n + 3*n = j. Let w(y) = -y + 3. Determine w(n).
0
Let w(t) = -t**3 + 6*t**2 - 4*t - 4. Let h = -77 - -112. Suppose -10 = -4*s + 5*c - 0, h = 5*s + 5*c. What is w(s)?
1
Let f(c) = 5*c**2 + c + 4. Let o(t) = 9*t**2 + 2*t + 7. Let q(i) = 7*f(i) - 4*o(i). Determine q(-2).
-2
Let a(g) = g + 4. Let j be a(-2). Let w(c) be the second derivative of -c**5/20 + c**4/6 - c**3/6 - 4*c. What is w(j)?
-2
Let u(z) = -z + 3. Suppose -3*h = 10 - 34. Let i be u(h). Let c(s) = s**3 + 5*s**2 + 2*s + 5. Determine c(i).
-5
Suppose 0 = -3*u - 0*u. Let w(g) be the third derivative of 1/60*g**5 - 1/120*g**6 - 1/6*g**3 + 0 - 1/24*g**4 + g**2 + 0*g. What is w(u)?
-1
Let l(s) be the second derivative of -s**5/20 + 7*s**4/12 - 5*s**3/6 - s**2 - 4*s. Suppose -2*a = k - 6*a + 10, -16 = -2*k - a. Determine l(k).
4
Let n(i) = -2*i + 4. Let p(d) = -d**2 - 3*d + 25. Let a be p(4). Give n(a).
10
Let q = -5 - -1. Let d(s) be the second derivative of s**5/20 + 5*s**4/12 + 5*s**3/6 + 3*s**2 + s. Give d(q).
2
Let o = 17 - 15. Let y(x) = 2 - x**o - 1 + 70*x**3 - 69*x**3. Calculate y(1).
1
Let d be (3 - (2 + 0))*-2. Let o(c) = c. What is o(d)?
-2
Let a(o) = -o**3 + 5*o**2 - 5*o + 2. Let t = -3 - -7. Suppose t*r = 6 + 10. Let c be a(r). Let h(w) = w**3 + w**2 + 2. Give h(c).
-2
Let o = 9 - 6. Let i = 4 - o. Let y(b) = i + 4*b + b**2 + b**2 - 3*b**2. Determine y(4).
1
Let d(f) = 6*f. Suppose -8 = -2*o + 2. Suppose 0 = 5*t + o. Determine d(t).
-6
Let c(w) = -5*w + 6. Let k be c(4). Let m = k - -24. Let i be (-16)/40 + (-46)/m. Let t(z) = 2*z + 2. Determine t(i).
-8
Let n(c) = -4*c. Let b(v) = 6*v. Let q(g) = -5*b(g) - 8*n(g). Suppose -4*j + 5 + 15 = 0. Give q(j).
10
Let n(r) = -r**2 + 9*r - 9. Suppose -5*t = 4*v + v - 15, 34 = 3*v - 2*t. What is n(v)?
-1
Let m(v) = -3 + 3*v**2 + 4 + v**3 - 3*v + 4*v - 2*v**3. Determine m(3).
4
Let k(j) = j**2 - 6*j - 8. Let a be (-272)/(-72) - 4/(-18). Let o be -11 - 0 - (3 - a). Let y(h) = -h**2 - 11*h - 4. Let u be y(o). What is k(u)?
-8
Let r be (-3 + 2)*(-2 + -5 - -4). Let n = 4 - 2. Let u(g) = 2*g**3 - 3*g - n + 2*g**2 + 2*g**2 - 3*g**3. What is u(r)?
-2
Let g(k) = -8*k**2 - 28*k - 17. Let f(r) = -3*r**2 - 10*r - 6. Let h(a) = 17*f(a) - 6*g(a). What is h(-2)?
-8
Let d(o) be the third derivative of 2*o**2 + 0*o - o**3 + 1/24*o**4 + 0. Suppose 1 + 4 = u. Calculate d(u).
-1
Let a(o) = -o**3 + 5*o**2 + 6*o + 6. Let t be (0 - 12)*(-11)/22. Determine a(t).
6
Let y = 2 - -1. Suppose 0 = x + 5*d - 36 + 11, 3*d - 22 = -2*x. Let u(c) = -x*c**2 + 5*c**2 - c**2 - 1 + 0*c**2 + 4*c. Determine u(y).
2
Let o(w) be the second derivative of w**4/12 - 2*w**2 - w. Suppose -3*s + 10 - 4 = 0. Suppose a - 15 = -3*v, 4*v - 5*v + 5 = s*a. What is o(a)?
-4
Let g(q) = 4*q - 7*q + 2*q + 7. Calculate g(7).
0
Let j = 5 - -2. Let w(f) = -5*f + j*f + 2*f + 3. Give w(-2).
-5
Let h = 58 - 58. Let t(p) = -p**2 + 6. Give t(h).
6
Let y(g) = 828*g**3 + 8*g - 2*g**2 - 5 - 829*g**3 + 7*g**2. Calculate y(6).
7
Let b(n) = -2*n - n**2 + 7*n + 4*n - 8. What is b(7)?
6
Let s = -22 - -25. Let r(z) = -2*z**2 + 3*z. Give r(s).
-9
Let h(g) = -2*g**2 - 2*g + 1. Let a(m) = m**3 - m**2 - m + 1. Suppose -2*z = 5*t - 14, -2*z = t - 2 - 4. Suppose 3*b = t*b. Let p be a(b). Calculate h(p).
-3
Suppose v + 0*v = 0. Let f(n) = n**2 - n + 10. Let x(q) be the second derivative of -q**4/12 + q**3/6 - 9*q**2/2 + 2*q. Let r(u) = 5*f(u) + 6*x(u). Give r(v).
-4
Let i(g) be the first derivative of g**6/120 + g**5/12 + g**4/8 + g**3/6 + g**2 + 4. Let a(q) be the second derivative of i(q). Give a(-4).
5
Let u(p) = p**3 + 6*p**2 + 2*p - 7. Suppose 46 = -8*n + 6. What is u(n)?
8
Let l = 0 + 18. Suppose 3*w = 5*t + 39, -4*t - 5*w = -3*w + l. Let m(a) = 2*a - 3. Calculate m(t).
-15
Let o be (-3 + 6)/(6/4). Let l(q) = 2*q + 3*q - 4*q - o*q. Suppose 2*g = -5 - 5. What is l(g)?
5
Let u be 0 + 0 - (-2 - -1). Suppose -7 = 2*q + u. Let m(j) be the first derivative of j**4/4 + 4*j**3/3 + j**2 + 5*j - 5. Calculate m(q).
-3
Let z(o) = o + 10. Suppose -21 = 8*s - 11*s. Determine z(s).
17
Suppose 2*d = -2*d - 16. Let q be d*2/(-8)*5. Let r(j) be the third derivative of -j**5/60 + j**4/6 + 5*j**3/6 - j**2 - 272*j. What is r(q)?
0
Suppose 0 = -3*q, -q + 14 = -4*s - 2. Suppose -12 = -2*m - 0*m. Let f(x) = 4*x**2 + 4 - 3*x**2 - 2*x**2 + 2*x - m*x. What is f(s)?
4
Let p(l) be the first derivative of -3*l**2/2 - 3*l - 6. Give p(3).
-12
Let y = -3 - 3. Let t = 5 + -3. Let q(u) = -6 - 7*u**t - 2*u + u**2 + 4*u**3 - 5*u**3. What is q(y)?
6
Let h(i) be the second derivative of -i**4/12 - 2*i**3/3 - 5*i**2/2 + 3*i. What is h(-4)?
-5
Let o be (-26)/4 - 3/2. Let a = -5 - o. Let u(d) = -3 + 4 + 16*d**3 - 7*d**a. Determine u(-1).
-8
Let n = -30 - -30. Let v(s) be the second derivative of s**3/6 + s**2 + s. Calculate v(n).
2
Let i = 15 - 29. Let d be i/4 + 2/(-4). Let c(l) be the third derivative of -l**4/24 + l**3/3 - 4*l**2. Give c(d).
6
Let c(p) be the first derivative of -p**3/3 + 5*p**2/2 - 1. What is c(5)?
0
Let c(p) be the third derivative of p**4/8 - 5*p**2. What is c(2)?
6
Let s(t) = -1. Let c(i) = -2*i + 4. Let z(n) = c(n) + 2*s(n). Calculate z(2).
-2
Let g(s) be the first derivative of s**6/360 - s**5/24 + s**4/24 - 2*s**3 + 3. Let i(o) be the third derivative of g(o). Calculate i(6).
7
Let a(w) = w**2 - w. Let q(z) = -7*z**2 + 5*z + 1. Let y(j) = -6*a(j) - q(j). Calculate y(1).
1
Let d be -3 - (-6 - (-2 - -2)). Suppose 0 = -5*t + 5*l + 25, -d*t - 4*l + 8 = -0*t. Let n(r) = -r**3 + 4*r**2 + 2*r - 3. Give n(t).
5
Suppose 0*x - 4*x = -16, 0 = -2*y + x. Let j(h) = h**2 + 3*h + 3. Let g be j(-3). Let v(i) = i + 3*i - 4*i**2 + g*i**y. What is v(2)?
4
Let o(x) = -x**3 - x + 1. Let s be (-6 - -2) + 2 - -26. Suppose l + 2*l = 3*r - 6, 5*r + 2*l = s. Suppose 5*q = r*h - 14 - 15, 2*h = -2*q - 8. Calculate o(h).
-1
Let i = -10 - -22. Let d be i/10*(-20)/(-6). Let w(j) = -2*j + 3*j + j. Determine w(d).
8
Let g(w) = -2*w**2 - 3*w + 2*w + 3*w**2 - 3*w**2. Suppose 2*m = 4*x - 6, -5*x - 4*m = -0*x - 14. What is g(x)?
-10
Let j(q) = -4*q + 2. Suppose -3*i = 5*c + i + 32, -2*i = 5*c + 26. Suppose 0*p + 10 = 5*p. Let v = p + c. Give j(v).
10
Suppose -9 = -5*w + 11. Let r(d) = -2*d - 4. Let y be r(-3). Let i(a) = 1 - a**3 + 2*a**3 - 4*a**y - 4. Determine i(w).
-3
Suppose -5*j = -32 + 7. Let y(a) = -3 - 23*a + 24*a + 0. Determine y(j).
2
Let k(a) = -a + a**3 + 3*a**2 + 4*a**2 - 3 - a**2 - 2. Determine k(-6).
1
Let k(h) = -2*h**2 - 3*h - 3. Suppose 8 = 2*a - 6*a. Determine k(a).
-5
Let d = -35 + 36. Let i(s) = 17*s**3 - s. Give i(d).
16
Suppose -4*g = g + 20. Let c be (-21)/(-4 + 1) - 1. Let m(y) = -c + 0*y + 2*y - 6*y. Determine m(g).
10
Let l = -19 - -22. Suppose -3*g - l*j = -12, 4*g - 2*j - 28 = -3*j. Let t(u) = -u**3 + 8*u**2 + u - 10. Determine t(g).
-2
Let g(x) = -2*x. Let r(z) = -3*z. Let u(l) = 4*g(l) - 3*r(l). Suppose 5*o + 1 = 3*b, -3*b + 3*o + 0 = -3. Let a be ((-10)/(-3))/(b/3). Determine u(a).
5
Let h(r) = -4*r + 2. Let j(w) = 7*w - 3. Let t(b) = 10*h(b) + 6*